{"id":80,"date":"2025-07-04T17:15:30","date_gmt":"2025-07-04T15:15:30","guid":{"rendered":"https:\/\/vincianelacroix.net\/portfolio\/?page_id=80"},"modified":"2025-07-10T15:59:42","modified_gmt":"2025-07-10T13:59:42","slug":"nouveau","status":"publish","type":"page","link":"https:\/\/vincianelacroix.net\/portfolio\/fr\/nouveau\/","title":{"rendered":"Nouveau"},"content":{"rendered":"\n<h3 class=\"wp-block-heading\">Chromagenesis<\/h3>\n\n\n\n<p>Aujourd&rsquo;hui, en 2025, un nouveau site bilingue FR\/EN d\u00e9di\u00e9 \u00e0 la Chromagen\u00e8se: <a href=\"https:\/\/www.chromagenesis.net\/fr\/chromagenese\/\">Chromagenesis.net <\/a>! C&rsquo;est l\u00e0 que je d\u00e9poserai toutes les nouvelles cr\u00e9ations. Vous y trouverez \u00e9galement les descriptions des proc\u00e9d\u00e9s de fabrication.<\/p>\n\n\n\n<p>Bonne d\u00e9couverte! <\/p>\n\n\n\n<p>N&rsquo;h\u00e9sitez pas \u00e0 me laisser des commentaires pour am\u00e9liorer le site!<\/p>\n\n\n\n<hr class=\"wp-block-separator has-alpha-channel-opacity is-style-wide\" style=\"margin-top:var(--wp--preset--spacing--20);margin-bottom:var(--wp--preset--spacing--20)\"\/>\n\n\n\n<p>Puisqu&rsquo;un site entier est consacr\u00e9 \u00e0 ce proc\u00e9d\u00e9, seul un r\u00e9sum\u00e9 et une chromagen\u00e8se figurent dans ce portfolio<\/p>\n\n\n\n<h3 class=\"wp-block-heading\">R\u00e9sum\u00e9<\/h3>\n\n\n\n<p>En 2022, j&rsquo;ai invent\u00e9 un proc\u00e9d\u00e9 \u00e0 l&rsquo;intersection de l&rsquo;art g\u00e9n\u00e9ratif, de l&rsquo;art traditionnel et de la technologie, que j&rsquo;ai appel\u00e9 Chromagen\u00e8se. <\/p>\n\n\n\n<figure class=\"wp-block-image aligncenter size-full\"><a href=\"https:\/\/vincianelacroix.net\/portfolio\/fr\/nouveau\/240909_1m_gauguinhaerema_v1i-800-768x577\/\"><img loading=\"lazy\" decoding=\"async\" width=\"768\" height=\"577\" src=\"https:\/\/vincianelacroix.net\/portfolio\/wp-content\/uploads\/2025\/07\/240909_1M_GauguinHaereMa_V1i-800-768x577-1.webp\" alt=\"\" class=\"wp-image-443\" srcset=\"https:\/\/vincianelacroix.net\/portfolio\/wp-content\/uploads\/2025\/07\/240909_1M_GauguinHaereMa_V1i-800-768x577-1.webp 768w, https:\/\/vincianelacroix.net\/portfolio\/wp-content\/uploads\/2025\/07\/240909_1M_GauguinHaereMa_V1i-800-768x577-1-300x225.webp 300w\" sizes=\"auto, (max-width: 768px) 100vw, 768px\" \/><\/a><figcaption class=\"wp-element-caption\">Chromagen\u00e8se de Haere Mai, 2024 \u00a9 Vinciane Lacroix<\/figcaption><\/figure>\n\n\n\n<p>Des reproductions num\u00e9riques de peintures que je trouve int\u00e9ressantes pour leur palette sont recompos\u00e9es sur la base des propri\u00e9t\u00e9s des couleurs. L&rsquo;image r\u00e9sultante a toujours la m\u00eame taille et le m\u00eame nombre de pixels que l&rsquo;image originale, mais elle varie dans sa composition. Outre le r\u00e9glage fin des param\u00e8tres, une intervention manuelle est n\u00e9cessaire pour introduire un certain \u00e9l\u00e9ment de surprise dans le r\u00e9sultat. <\/p>\n\n\n\n<p>Ci-dessous, le tableau original Haere Mai, de Paul Gauguin.<\/p>\n\n\n\n<figure class=\"wp-block-image aligncenter size-large\"><a href=\"https:\/\/vincianelacroix.net\/portfolio\/wp-content\/uploads\/2025\/07\/Gauguin_HaereMai-1920.webp\"><img loading=\"lazy\" decoding=\"async\" width=\"1024\" height=\"769\" src=\"https:\/\/vincianelacroix.net\/portfolio\/wp-content\/uploads\/2025\/07\/Gauguin_HaereMai-1920-1024x769.webp\" alt=\"\" class=\"wp-image-444\" srcset=\"https:\/\/vincianelacroix.net\/portfolio\/wp-content\/uploads\/2025\/07\/Gauguin_HaereMai-1920-1024x769.webp 1024w, https:\/\/vincianelacroix.net\/portfolio\/wp-content\/uploads\/2025\/07\/Gauguin_HaereMai-1920-300x225.webp 300w, https:\/\/vincianelacroix.net\/portfolio\/wp-content\/uploads\/2025\/07\/Gauguin_HaereMai-1920-768x576.webp 768w, https:\/\/vincianelacroix.net\/portfolio\/wp-content\/uploads\/2025\/07\/Gauguin_HaereMai-1920-1536x1153.webp 1536w, https:\/\/vincianelacroix.net\/portfolio\/wp-content\/uploads\/2025\/07\/Gauguin_HaereMai-1920.webp 1920w\" sizes=\"auto, (max-width: 1024px) 100vw, 1024px\" \/><\/a><figcaption class=\"wp-element-caption\">Haere Mai, Paul Gauguin (source: Wikimedia commons)<\/figcaption><\/figure>\n","protected":false},"excerpt":{"rendered":"<p>Chromagenesis Aujourd&rsquo;hui, en 2025, un nouveau site bilingue FR\/EN d\u00e9di\u00e9 \u00e0 la Chromagen\u00e8se: Chromagenesis.net ! C&rsquo;est l\u00e0 que je d\u00e9poserai [&hellip;]<\/p>\n","protected":false},"author":1,"featured_media":0,"parent":0,"menu_order":0,"comment_status":"closed","ping_status":"closed","template":"","meta":{"site-sidebar-layout":"default","site-content-layout":"","ast-site-content-layout":"default","site-content-style":"default","site-sidebar-style":"default","ast-global-header-display":"","ast-banner-title-visibility":"","ast-main-header-display":"","ast-hfb-above-header-display":"","ast-hfb-below-header-display":"","ast-hfb-mobile-header-display":"","site-post-title":"","ast-breadcrumbs-content":"","ast-featured-img":"","footer-sml-layout":"","ast-disable-related-posts":"","theme-transparent-header-meta":"","adv-header-id-meta":"","stick-header-meta":"","header-above-stick-meta":"","header-main-stick-meta":"","header-below-stick-meta":"","astra-migrate-meta-layouts":"default","ast-page-background-enabled":"default","ast-page-background-meta":{"desktop":{"background-color":"var(--ast-global-color-5)","background-image":"","background-repeat":"repeat","background-position":"center center","background-size":"auto","background-attachment":"scroll","background-type":"","background-media":"","overlay-type":"","overlay-color":"","overlay-opacity":"","overlay-gradient":""},"tablet":{"background-color":"","background-image":"","background-repeat":"repeat","background-position":"center center","background-size":"auto","background-attachment":"scroll","background-type":"","background-media":"","overlay-type":"","overlay-color":"","overlay-opacity":"","overlay-gradient":""},"mobile":{"background-color":"","background-image":"","background-repeat":"repeat","background-position":"center center","background-size":"auto","background-attachment":"scroll","background-type":"","background-media":"","overlay-type":"","overlay-color":"","overlay-opacity":"","overlay-gradient":""}},"ast-content-background-meta":{"desktop":{"background-color":"var(--ast-global-color-4)","background-image":"","background-repeat":"repeat","background-position":"center center","background-size":"auto","background-attachment":"scroll","background-type":"","background-media":"","overlay-type":"","overlay-color":"","overlay-opacity":"","overlay-gradient":""},"tablet":{"background-color":"var(--ast-global-color-4)","background-image":"","background-repeat":"repeat","background-position":"center center","background-size":"auto","background-attachment":"scroll","background-type":"","background-media":"","overlay-type":"","overlay-color":"","overlay-opacity":"","overlay-gradient":""},"mobile":{"background-color":"var(--ast-global-color-4)","background-image":"","background-repeat":"repeat","background-position":"center center","background-size":"auto","background-attachment":"scroll","background-type":"","background-media":"","overlay-type":"","overlay-color":"","overlay-opacity":"","overlay-gradient":""}},"footnotes":""},"class_list":["post-80","page","type-page","status-publish","hentry"],"_links":{"self":[{"href":"https:\/\/vincianelacroix.net\/portfolio\/wp-json\/wp\/v2\/pages\/80","targetHints":{"allow":["GET"]}}],"collection":[{"href":"https:\/\/vincianelacroix.net\/portfolio\/wp-json\/wp\/v2\/pages"}],"about":[{"href":"https:\/\/vincianelacroix.net\/portfolio\/wp-json\/wp\/v2\/types\/page"}],"author":[{"embeddable":true,"href":"https:\/\/vincianelacroix.net\/portfolio\/wp-json\/wp\/v2\/users\/1"}],"replies":[{"embeddable":true,"href":"https:\/\/vincianelacroix.net\/portfolio\/wp-json\/wp\/v2\/comments?post=80"}],"version-history":[{"count":4,"href":"https:\/\/vincianelacroix.net\/portfolio\/wp-json\/wp\/v2\/pages\/80\/revisions"}],"predecessor-version":[{"id":445,"href":"https:\/\/vincianelacroix.net\/portfolio\/wp-json\/wp\/v2\/pages\/80\/revisions\/445"}],"wp:attachment":[{"href":"https:\/\/vincianelacroix.net\/portfolio\/wp-json\/wp\/v2\/media?parent=80"}],"curies":[{"name":"wp","href":"https:\/\/api.w.org\/{rel}","templated":true}]}}